u + 3. Give c(s).
7
Let d(q) be the second derivative of -3*q - q**3 - 1/3*q**4 + 1/20*q**5 + 0 - 3/2*q**2. Determine d(5).
-8
Let s(m) = -11*m**2 + 24*m**2 - m + 3 - 20*m**2 - m**3. Give s(-7).
10
Let g(m) = 2*m - 3. Let o be g(6). Let f(y) = -y**2 + 7*y + 16. Let h be f(o). Let b(j) = 5*j - 1. What is b(h)?
-11
Let o(c) = -6*c**3 - 5*c**2 - c - 5. Let v(x) = -7*x**3 - 6*x**2 - x - 5. Let d(l) = -6*o(l) + 5*v(l). Calculate d(-4).
-63
Let y = 1364 + -1361. Let a(h) = -9*h + 19. Calculate a(y).
-8
Let q(y) = 6*y - 2. Let k = -6 + 34. Let x = -26 + k. What is q(x)?
10
Let j(v) = -8*v**3 + v**2 - 2*v + 1. Let a(n) = -27*n**2 - n - 26*n**2 + 52*n**2 + 43. Let r be a(-7). Calculate j(r).
-8
Let g(n) = 6*n + 5. Let u(l) = -l**3 - 2*l**2 - 3. Let s be ((-15)/(-10))/(2/(-4)). Let c be u(s). Let d(a) = 5*a + 5. Let b(m) = c*g(m) - 7*d(m). Give b(4).
-1
Let j(v) = -v. Let t be -5 + (-2 - 0) - 0. Let r(p) = p - 1. Let i(c) = c**2 + 13*c - 2. Let y(m) = -i(m) + 6*r(m). Let b be y(t). What is j(b)?
4
Suppose -2*p + 0 = -4. Let o(h) = h**3 + h**2 - 4*h**p + 3*h + 9 + 10*h**2 - 2*h. Let q be 4/(-4)*(1 - -6). Calculate o(q).
2
Suppose 5*k - 2*t - 20 = 0, k - 4*t + 19 = t. Let x(p) = -p + 12. Calculate x(k).
6
Suppose -10 = 3*q + 5*k + 7, 9 = -3*q + 3*k. Let h(i) = 18 - 11*i - 12*i + 45*i - 19*i - 23. Calculate h(q).
-17
Suppose -5*y + 7*y + 2*l = -26, 5*l = -y - 33. Let a(q) be the first derivative of -q**3/3 - 9*q**2/2 + 168. Determine a(y).
8
Let f(r) = 46 - 14 - 21 + r - 2*r. Give f(0).
11
Let z(y) = -5*y**2 - y - 1. Let d be z(-1). Let m(n) = 5*n**2 - 150*n**3 - 3*n - 6 + n + 151*n**3. Determine m(d).
4
Suppose 5*t + 17 = -4*y, -22*y + 27*y = -5*t - 15. Let v(p) = -p**3 - 4*p**2 + 4*p + 2. Calculate v(t).
7
Let o(i) = 6*i**2 - 20*i - 12. Let h(w) = 5*w**2 - 15*w - 11. Let d(b) = -5*h(b) + 4*o(b). What is d(-7)?
-7
Let d(y) = y**3 - 4*y**2 - 3*y. Let r = -6 - -7. Suppose n + 0*n = -r. Let t = 6 + n. Give d(t).
10
Let m(y) = 2*y + 5*y - 8 - 2*y + y**2 - 11*y. Let b be 6 - (0/1 - 0). Calculate m(b).
-8
Let i(p) = 5*p**2 - 6*p + 3. Let g(w) = -w**2 + w. Let d(l) = -6*g(l) - i(l). Calculate d(5).
22
Let q(l) = l**2 - 10*l + 23. Let a(c) = -3*c**2 - 86*c - 129. Let m be a(-27). Determine q(m).
-1
Let i(r) = -r**3 - 3*r**2 + r - 3. Suppose 7*u = -0*u + 21. Suppose 7*b - u*b = -12. Give i(b).
-6
Let m = -64 - -71. Let h(k) be the second derivative of -k**3/6 + k**2/2 + k. Calculate h(m).
-6
Let x(k) = -3*k**2 - 9*k - 15. Let w(n) = -7*n**2 - 18*n - 30. Let v(s) = -2*w(s) + 5*x(s). Let a be v(-7). Let d(m) = -3*m**2 - m - 1. What is d(a)?
-3
Suppose 5*q - 9 - 1 = 0. Let y(w) = w + 0 + 1 - q. Suppose -8*t + 4*t + 4 = 0. Determine y(t).
0
Let p(o) = 4423*o + 8 - 4427*o + 0*o**2 - o**2. Determine p(-8).
-24
Suppose t - 3 = 2*k, 0 = 3*t - t + 2. Let h = k - 2. Let w(j) = -3*j**2 + 9*j - 6. Let i(x) = -x**2 + x - 1. Let q(f) = h*i(f) + w(f). What is q(-4)?
-6
Suppose -k + 5 = 4*k. Let g(t) be the second derivative of -t**4/6 + t**3/6 + 5*t**2 + t. Let v(m) be the first derivative of g(m). Calculate v(k).
-3
Let k(s) be the third derivative of -1/30*s**5 + 1/120*s**6 + 6 + 0*s - 1/24*s**4 - 1/3*s**3 + s**2. Calculate k(3).
4
Let v(t) = 39*t - 7*t**2 - 37*t - t**3 + 0*t**2 - 3*t**2 - 1. What is v(-10)?
-21
Suppose -1 - 1 = -j. Let n be (1/(j/(-10)))/(-1). Let h(l) = -889*l**2 - l**3 + 3 + 894*l**2 - 6. Determine h(n).
-3
Let x(z) be the second derivative of z**3/2 + 3*z**2 + 107*z. What is x(4)?
18
Suppose 0 = 6*u + 7 + 41. Let x(z) = -z**2 - 4*z + 39. Determine x(u).
7
Let x(w) = w + 12. Let z be x(-9). Suppose z*l = -4 + 7. Let n(v) = 11*v + l + 11*v - 29*v + 3*v. Give n(-2).
9
Let n(g) = -g - 6. Let o be (-3 - 12/(-9))/(1/6). Determine n(o).
4
Let m(k) = 11 + 90*k - 196*k + 10 + 102*k. What is m(8)?
-11
Let f(k) = -3*k**3 + 3*k**2 - k + 2. Suppose 26 = -104*h + 117*h. What is f(h)?
-12
Let y(r) = 4*r - 17. Let z(c) = 7*c - 28. Let k(n) = 5*y(n) - 3*z(n). Calculate k(3).
-4
Let g(i) = -i**3 - 7*i**2 - 6*i - 7. Let p(n) = 2*n - 3. Let w(r) = r - 3. Let f(m) = 2*p(m) - 3*w(m). Let a = -145 - -136. Let x be f(a). Give g(x).
-7
Let p(a) = 3*a**2 - 30*a + 6. Let x be p(10). Let q(y) = -y**3 + 7*y**2 - 6*y + 3. What is q(x)?
3
Let c(j) = 5*j - 8. Let o(s) = -s**3 + 8*s**2 - 5*s - 5. Let y be o(7). Determine c(y).
37
Let f be 0/2 - (11 - 13). Suppose -f*z - 4*q + 2*q = 0, 0 = 2*q + 8. Let b(o) be the second derivative of o**4/12 - 5*o**3/6 + 3*o**2/2 + o. What is b(z)?
-1
Let p(i) = 3 + 7*i**2 + i**3 + 4 + 8*i - 3 - 3*i**3 + 3*i**3. What is p(-6)?
-8
Let p(z) = 23*z**2 - 2 - 2*z**2 + 6*z - 22*z**2. Suppose 3*v = -d, -d - 3*v + 4 = -2*v. Determine p(d).
-2
Let k(x) be the third derivative of -x**4/24 - x**3/6 - 3*x**2. Suppose 0*n - 3*n + 42 = 0. Suppose 3*l + 4 = -n. What is k(l)?
5
Let d(r) = -r**3 + 7*r**2 + 4*r - 11. Suppose -12*n + 15*n - 23 = -4*q, -5*q - 2*n = -34. Calculate d(q).
-43
Let t(j) = j**2 + 8*j + 10. Let u(r) be the third derivative of r**5/60 - r**4/3 + 3*r**3/2 + 10*r**2. Let q be u(4). Calculate t(q).
3
Let h = -73 + 73. Let j(q) = -q**2 - 1 + h*q - q**2 + 7*q + q**2. What is j(6)?
5
Let w(m) = -m + 7. Suppose 9 = n + 5. Let t = n - 1. What is w(t)?
4
Let a(k) = k - 25. Let f(v) = -v + 29. Let p(m) = 5*a(m) + 4*f(m). What is p(8)?
-1
Let o(h) = 45*h - 43*h + 0*h**2 + 5*h**2 - h**3 + 3 - 9*h**2. Calculate o(-4).
-5
Let s(a) = a**2 - a + 1. Let z(x) = -9*x**2 - 5 + 0 - 4*x + 3*x**2 + 4*x**2. Let y(q) = -s(q) - z(q). Let v = -12 + 6. Calculate y(v).
10
Let v(z) = 368 - 1099 + 365 + 373 - 3*z. Calculate v(-1).
10
Let v(p) = -21*p**2 + 4*p + 6. Let r(a) = -43*a**2 + 9*a + 13. Let n(k) = -6*r(k) + 13*v(k). Determine n(-1).
-13
Suppose -4 = 6*n - 4*n. Let v be (-15)/(-6)*16/20. Let h(x) = 2*x - v - 5*x**2 + x**2 + 4*x**2 + 2*x**2. Give h(n).
2
Let k(b) = b + 16. Let i be k(-13). Let s(o) = o**2 - 4*o. Let p(r) = 2*r**2 - 7*r. Let d(z) = 3*p(z) - 5*s(z). What is d(i)?
6
Let v(l) = -2*l + 2. Suppose 4*r - r = -2*z, -22 = 4*z - 5*r. What is v(z)?
8
Let h(j) = 2*j**2 + j - 1. Let a(n) = -15*n**2 - 7*n + 8. Let o(s) = -a(s) - 6*h(s). What is o(2)?
12
Let f = 355 + -361. Let v(c) = 3*c**2 + 21*c + 13. What is v(f)?
-5
Suppose 0 = 42*v - 38 - 88. Let q(l) = -l**2 + 2*l - 4. Calculate q(v).
-7
Let k(o) = 0 - 6 + 20*o - 26*o. Calculate k(-4).
18
Let x(p) = -p**3 - 5*p**2 + 4*p - 4. Let j = 392 + -398. Determine x(j).
8
Suppose 0 = -2*a - 3*a. Let v(d) = -d**3 + d**2 - 7*d - 3. Suppose -45*i = -42*i + 18. Let b(f) = -f + 1. Let g(w) = i*b(w) + v(w). What is g(a)?
-9
Let h(u) = -20 - 2*u + 100 - 57. Determine h(7).
9
Let r(n) be the first derivative of -n**3/3 - n**2/2 - 7*n - 1. Let k(j) = -j**2 + j + 20. Let z be k(5). What is r(z)?
-7
Let t be 8/((8 - 7) + (-3)/9). Let n(q) = q**3 - 13*q**2 + 12*q - 5. Calculate n(t).
-5
Let z(u) = -u**3 - 3*u**2 + 8*u + 3. Suppose -13*k - 208 = -143. Calculate z(k).
13
Let u = -134 + 127. Let x(q) be the second derivative of 4/3*q**3 + 1/20*q**5 + 0 - 5*q + 3*q**2 + 2/3*q**4. Determine x(u).
-1
Let b(p) be the first derivative of 11/2*p**2 - 1 - p. Let j be (-28)/(-21) - (-1)/(-3). What is b(j)?
10
Let b(t) = -t - 2 + 2 + 1. Let x be 1/(2/4) - -2. Let g be x/32 + 1/(-8). Determine b(g).
1
Let h(a) = -3*a**2 + 12*a + 9. Let j(z) = -4*z**2 + 11*z + 8. Let m(d) = 6*h(d) - 5*j(d). Let w be m(-8). Let n(x) = -x + 5. Calculate n(w).
-1
Let t(b) = 8*b**2 + 1. Let j = -8 - 1. Let d(w) = w**3 + 9*w**2 + 2*w + 19. Let h be d(j). What is t(h)?
9
Let a = 2678 - 2675. Let t(k) be the first derivative of -k**4/4 + 5*k**3/3 - 2*k**2 - 1. Determine t(a).
6
Let t(d) = d**2 - 4*d - 5. Suppose -5*u = -3*h + 16, -5*u + 10 = -10. Suppose -8*a = -52 + h. What is t(a)?
0
Let f = -12 - -4. Let r be 5/(-25) + f/10. Let p(o) = -o**2 - o - 1. What is p(r)?
-1
Let w(m) = -14*m**2 - 23*m - 4. Let g(j) = 9*j**2 + 15*j + 3. Let z(n) = 8*g(n) + 5*w(n). Suppose 3*a = -4*h - 22, -2*h + 4*a + 4 = -h. Give z(h).
16
Suppose -6 = 4*i + 2*b, -2*i + b + 10 = 3. Let l(s) = s + 13*s**2 - 29*s**2 - 1 + 0*s + 23*s**2. What is l(i)?
7
Let d(y) = -y**3 + 7*y**2 + 6*y + 22. Suppose -10*w - 407 = -487. What is d(w)?
6
Let d(n) be the first derivative of -n**6/180 + n**5/24 - n**4/8 + 5*n**3/3 + 4. Let b(t) be the third derivative of d(t). Let z = -40 + 43. Give b(z).
-6
Let l(a